{"id":15999,"date":"2021-03-05T08:08:48","date_gmt":"2021-03-05T07:08:48","guid":{"rendered":"https:\/\/www.enriquerequena.com\/politica-de-privacidad\/"},"modified":"2021-04-20T17:03:59","modified_gmt":"2021-04-20T15:03:59","slug":"politique-de-confidentialite","status":"publish","type":"page","link":"https:\/\/www.enriquerequena.com\/fr\/politique-de-confidentialite\/","title":{"rendered":"Politique de confidentialit\u00e9"},"content":{"rendered":"<h3><strong>Politique de confidentialit\u00e9<\/strong><\/h3>\n<p>ENRIQUE REQUENA, S.L.U .. avec CIF B46414330 avec adresse \u00e0 C \/ CARTAGENA, 3 &#8211; 46018 VALENCIA (ESPAGNE) est le propri\u00e9taire du site et responsable du traitement des donn\u00e9es personnelles que les utilisateurs fournissent via ce site.<br \/>\nENRIQUE REQUENA, S.L.U .. informe les utilisateurs de ce site Web de sa politique concernant le traitement et la protection des donn\u00e9es personnelles des utilisateurs et des clients qui peuvent \u00eatre collect\u00e9es en naviguant et en utilisant ce site.<br \/>\nLe but de ce document est d&rsquo;informer les utilisateurs sur ce que nous faisons de leurs donn\u00e9es personnelles, comment elles sont collect\u00e9es, \u00e0 quoi elles sont utilis\u00e9es, leurs droits ainsi que toutes les informations n\u00e9cessaires \u00e9tablies par la r\u00e9glementation en vigueur.<br \/>\nEn utilisant ce site Web, nous comprenons que vous avez lu et compris les informations qui sont expos\u00e9es dans le cadre du traitement de vos donn\u00e9es personnelles.<br \/>\nNotre objectif principal est de traiter les donn\u00e9es personnelles de mani\u00e8re licite, \u00e9quitable et transparente.<br \/>\nDonn\u00e9es collect\u00e9es, finalit\u00e9 et l\u00e9galit\u00e9<br \/>\nLes donn\u00e9es personnelles trait\u00e9es sont celles fournies par les utilisateurs via les formulaires disponibles sur ce site et sont le minimum requis pour pouvoir vous envoyer des informations sur nos produits \/ services, pour pouvoir passer des commandes, ainsi que pour pouvoir pr\u00e9parer le factures correspondantes, informer sur l&rsquo;\u00e9tat des commandes, assister aux r\u00e9clamations et \u00e0 toute autre gestion d\u00e9riv\u00e9e de la fourniture du service effectu\u00e9e via ce site.<\/p>\n<h3>La conservation des donn\u00e9es<\/h3>\n<p>Les donn\u00e9es personnelles seront conserv\u00e9es aussi longtemps que n\u00e9cessaire pour \u00eatre en mesure de r\u00e9pondre aux finalit\u00e9s pour lesquelles elles \u00e9taient.<br \/>\nPar cons\u00e9quent, nous conserverons vos informations personnelles tant qu&rsquo;il existe une relation contractuelle et \/ ou commerciale avec vous ou tant que vous n&rsquo;exercez pas votre droit de supprimer, d&rsquo;annuler et \/ ou de limiter le traitement de vos donn\u00e9es.<br \/>\nDans ces cas, nous garderons les informations d\u00fbment bloqu\u00e9es, sans leur donner aucune utilisation, aussi longtemps que cela peut \u00eatre n\u00e9cessaire pour l&rsquo;exercice ou la d\u00e9fense de r\u00e9clamations ou un certain type de responsabilit\u00e9 judiciaire, l\u00e9gale ou contractuelle peut d\u00e9couler de son traitement, qui doit \u00eatre pris en charge et pour lequel \u00eatre<br \/>\nr\u00e9cup\u00e9ration n\u00e9cessaire.<br \/>\nProtection des mineurs<br \/>\nCe site Web n&rsquo;est pas destin\u00e9 aux utilisateurs mineurs. Si vous \u00eates mineur, n&rsquo;essayez pas de vous inscrire en tant qu&rsquo;utilisateur. Si nous d\u00e9couvrons que nous avons obtenu par erreur des informations personnelles d&rsquo;un mineur, nous supprimerons ces informations d\u00e8s que possible.<br \/>\nDestinataires de vos donn\u00e9es personnelles<br \/>\nNous informons les utilisateurs que leurs donn\u00e9es personnelles ne seront pas communiqu\u00e9es \u00e0 des tiers, \u00e0 l&rsquo;exception que ladite communication de donn\u00e9es est couverte par une obligation l\u00e9gale ou lorsque pour la fourniture correcte du service ou l&rsquo;ex\u00e9cution du contrat, il est n\u00e9cessaire de communiquer leurs donn\u00e9es. aux autres. Responsable, comme d&rsquo;autres soci\u00e9t\u00e9s du groupe, responsable du traitement.<br \/>\nDans les cas o\u00f9 la communication de donn\u00e9es \u00e0 des tiers n&rsquo;est pas couverte par les bases juridiques \u00e9tablies dans la section pr\u00e9c\u00e9dente, la communication de donn\u00e9es \u00e0 d&rsquo;autres destinataires ne sera effectu\u00e9e que si l&rsquo;utilisateur a donn\u00e9 son consentement expr\u00e8s.<br \/>\nENRIQUE REQUENA, S.L.U .. maintient des crit\u00e8res stricts pour la s\u00e9lection des gestionnaires de traitement et s&rsquo;engage contractuellement avec chacun \u00e0 respecter et \u00e0 faire respecter les obligations \u00e9tablies en mati\u00e8re de protection des donn\u00e9es.<\/p>\n<h3>Exercice des droits<\/h3>\n<p>Conform\u00e9ment aux droits conf\u00e9r\u00e9s par la r\u00e9glementation en vigueur sur la protection des donn\u00e9es personnelles, l&rsquo;utilisateur peut exercer les droits d&rsquo;acc\u00e8s, de rectification, de limitation de traitement, de suppression, de portabilit\u00e9 et d&rsquo;opposition au traitement de ses donn\u00e9es en adressant sa demande \u00e0 la poste indiqu\u00e9e. adresse ou email web@enriquerequena.com<br \/>\nPour exercer vos droits, vous devez vous identifier en pr\u00e9sentant votre pi\u00e8ce d&rsquo;identit\u00e9.<br \/>\nPour toute r\u00e9clamation vous pouvez vous rendre au m\u00eame email indiqu\u00e9. Vous pouvez \u00e9galement contacter l&rsquo;Agence espagnole de protection des donn\u00e9es: www.aepd.es<\/p>\n","protected":false},"excerpt":{"rendered":"<p>Politique de confidentialit\u00e9 ENRIQUE REQUENA, S.L.U .. avec CIF B46414330 avec adresse \u00e0 C \/ CARTAGENA, 3 &#8211; 46018 VALENCIA<\/p>\n","protected":false},"author":16,"featured_media":0,"parent":0,"menu_order":0,"comment_status":"closed","ping_status":"closed","template":"","meta":{"footnotes":""},"class_list":["post-15999","page","type-page","status-publish","hentry"],"yoast_head":"<!-- This site is optimized with the Yoast SEO plugin v27.5 - https:\/\/yoast.com\/product\/yoast-seo-wordpress\/ -->\n<title>Politique de confidentialit\u00e9 - ENRIQUE REQUENA<\/title>\n<meta name=\"robots\" content=\"noindex, nofollow\" \/>\n<meta property=\"og:locale\" content=\"fr_FR\" \/>\n<meta property=\"og:type\" content=\"article\" \/>\n<meta property=\"og:title\" content=\"Politique de confidentialit\u00e9 - ENRIQUE REQUENA\" \/>\n<meta property=\"og:description\" content=\"Politique de confidentialit\u00e9 ENRIQUE REQUENA, S.L.U .. avec CIF B46414330 avec adresse \u00e0 C \/ CARTAGENA, 3 &#8211; 46018 VALENCIA\" \/>\n<meta property=\"og:url\" content=\"https:\/\/www.enriquerequena.com\/fr\/politique-de-confidentialite\/\" \/>\n<meta property=\"og:site_name\" content=\"ENRIQUE REQUENA\" \/>\n<meta property=\"article:modified_time\" content=\"2021-04-20T15:03:59+00:00\" \/>\n<meta name=\"twitter:card\" content=\"summary_large_image\" \/>\n<meta name=\"twitter:label1\" content=\"Dur\u00e9e de lecture estim\u00e9e\" \/>\n\t<meta name=\"twitter:data1\" content=\"3 minutes\" \/>\n<script type=\"application\/ld+json\" class=\"yoast-schema-graph\">{\"@context\":\"https:\\\/\\\/schema.org\",\"@graph\":[{\"@type\":\"WebPage\",\"@id\":\"https:\\\/\\\/www.enriquerequena.com\\\/fr\\\/politique-de-confidentialite\\\/\",\"url\":\"https:\\\/\\\/www.enriquerequena.com\\\/fr\\\/politique-de-confidentialite\\\/\",\"name\":\"Politique de confidentialit\u00e9 - ENRIQUE REQUENA\",\"isPartOf\":{\"@id\":\"https:\\\/\\\/www.enriquerequena.com\\\/fr\\\/#website\"},\"datePublished\":\"2021-03-05T07:08:48+00:00\",\"dateModified\":\"2021-04-20T15:03:59+00:00\",\"breadcrumb\":{\"@id\":\"https:\\\/\\\/www.enriquerequena.com\\\/fr\\\/politique-de-confidentialite\\\/#breadcrumb\"},\"inLanguage\":\"fr-FR\",\"potentialAction\":[{\"@type\":\"ReadAction\",\"target\":[\"https:\\\/\\\/www.enriquerequena.com\\\/fr\\\/politique-de-confidentialite\\\/\"]}]},{\"@type\":\"WebSite\",\"@id\":\"https:\\\/\\\/www.enriquerequena.com\\\/fr\\\/#website\",\"url\":\"https:\\\/\\\/www.enriquerequena.com\\\/fr\\\/\",\"name\":\"ENRIQUE REQUENA\",\"description\":\"Sp\u00e9cialistes des transmissions cardan avec des exp\u00e9ditions dans le monde entier et des pi\u00e8ces d\u00e9tach\u00e9es pour voitures, camions et accessoires \u00e0 Valence, en Espagne. Avec vous depuis 1950!\",\"publisher\":{\"@id\":\"https:\\\/\\\/www.enriquerequena.com\\\/fr\\\/#organization\"},\"potentialAction\":[{\"@type\":\"SearchAction\",\"target\":{\"@type\":\"EntryPoint\",\"urlTemplate\":\"https:\\\/\\\/www.enriquerequena.com\\\/fr\\\/?s={search_term_string}\"},\"query-input\":{\"@type\":\"PropertyValueSpecification\",\"valueRequired\":true,\"valueName\":\"search_term_string\"}}],\"inLanguage\":\"fr-FR\"},{\"@type\":\"Organization\",\"@id\":\"https:\\\/\\\/www.enriquerequena.com\\\/fr\\\/#organization\",\"name\":\"Enrique Requena S.L.\",\"url\":\"https:\\\/\\\/www.enriquerequena.com\\\/fr\\\/\",\"logo\":{\"@type\":\"ImageObject\",\"inLanguage\":\"fr-FR\",\"@id\":\"https:\\\/\\\/www.enriquerequena.com\\\/fr\\\/#\\\/schema\\\/logo\\\/image\\\/\",\"url\":\"https:\\\/\\\/www.enriquerequena.com\\\/wp-content\\\/uploads\\\/2019\\\/11\\\/enrique-requena-recambios-logotipo.jpg\",\"contentUrl\":\"https:\\\/\\\/www.enriquerequena.com\\\/wp-content\\\/uploads\\\/2019\\\/11\\\/enrique-requena-recambios-logotipo.jpg\",\"width\":381,\"height\":75,\"caption\":\"Enrique Requena S.L.\"},\"image\":{\"@id\":\"https:\\\/\\\/www.enriquerequena.com\\\/fr\\\/#\\\/schema\\\/logo\\\/image\\\/\"}}]}<\/script>\n<!-- \/ Yoast SEO plugin. -->","yoast_head_json":{"title":"Politique de confidentialit\u00e9 - ENRIQUE REQUENA","robots":{"index":"noindex","follow":"nofollow"},"og_locale":"fr_FR","og_type":"article","og_title":"Politique de confidentialit\u00e9 - ENRIQUE REQUENA","og_description":"Politique de confidentialit\u00e9 ENRIQUE REQUENA, S.L.U .. avec CIF B46414330 avec adresse \u00e0 C \/ CARTAGENA, 3 &#8211; 46018 VALENCIA","og_url":"https:\/\/www.enriquerequena.com\/fr\/politique-de-confidentialite\/","og_site_name":"ENRIQUE REQUENA","article_modified_time":"2021-04-20T15:03:59+00:00","twitter_card":"summary_large_image","twitter_misc":{"Dur\u00e9e de lecture estim\u00e9e":"3 minutes"},"schema":{"@context":"https:\/\/schema.org","@graph":[{"@type":"WebPage","@id":"https:\/\/www.enriquerequena.com\/fr\/politique-de-confidentialite\/","url":"https:\/\/www.enriquerequena.com\/fr\/politique-de-confidentialite\/","name":"Politique de confidentialit\u00e9 - ENRIQUE REQUENA","isPartOf":{"@id":"https:\/\/www.enriquerequena.com\/fr\/#website"},"datePublished":"2021-03-05T07:08:48+00:00","dateModified":"2021-04-20T15:03:59+00:00","breadcrumb":{"@id":"https:\/\/www.enriquerequena.com\/fr\/politique-de-confidentialite\/#breadcrumb"},"inLanguage":"fr-FR","potentialAction":[{"@type":"ReadAction","target":["https:\/\/www.enriquerequena.com\/fr\/politique-de-confidentialite\/"]}]},{"@type":"WebSite","@id":"https:\/\/www.enriquerequena.com\/fr\/#website","url":"https:\/\/www.enriquerequena.com\/fr\/","name":"ENRIQUE REQUENA","description":"Sp\u00e9cialistes des transmissions cardan avec des exp\u00e9ditions dans le monde entier et des pi\u00e8ces d\u00e9tach\u00e9es pour voitures, camions et accessoires \u00e0 Valence, en Espagne. Avec vous depuis 1950!","publisher":{"@id":"https:\/\/www.enriquerequena.com\/fr\/#organization"},"potentialAction":[{"@type":"SearchAction","target":{"@type":"EntryPoint","urlTemplate":"https:\/\/www.enriquerequena.com\/fr\/?s={search_term_string}"},"query-input":{"@type":"PropertyValueSpecification","valueRequired":true,"valueName":"search_term_string"}}],"inLanguage":"fr-FR"},{"@type":"Organization","@id":"https:\/\/www.enriquerequena.com\/fr\/#organization","name":"Enrique Requena S.L.","url":"https:\/\/www.enriquerequena.com\/fr\/","logo":{"@type":"ImageObject","inLanguage":"fr-FR","@id":"https:\/\/www.enriquerequena.com\/fr\/#\/schema\/logo\/image\/","url":"https:\/\/www.enriquerequena.com\/wp-content\/uploads\/2019\/11\/enrique-requena-recambios-logotipo.jpg","contentUrl":"https:\/\/www.enriquerequena.com\/wp-content\/uploads\/2019\/11\/enrique-requena-recambios-logotipo.jpg","width":381,"height":75,"caption":"Enrique Requena S.L."},"image":{"@id":"https:\/\/www.enriquerequena.com\/fr\/#\/schema\/logo\/image\/"}}]}},"_links":{"self":[{"href":"https:\/\/www.enriquerequena.com\/fr\/wp-json\/wp\/v2\/pages\/15999","targetHints":{"allow":["GET"]}}],"collection":[{"href":"https:\/\/www.enriquerequena.com\/fr\/wp-json\/wp\/v2\/pages"}],"about":[{"href":"https:\/\/www.enriquerequena.com\/fr\/wp-json\/wp\/v2\/types\/page"}],"author":[{"embeddable":true,"href":"https:\/\/www.enriquerequena.com\/fr\/wp-json\/wp\/v2\/users\/16"}],"replies":[{"embeddable":true,"href":"https:\/\/www.enriquerequena.com\/fr\/wp-json\/wp\/v2\/comments?post=15999"}],"version-history":[{"count":0,"href":"https:\/\/www.enriquerequena.com\/fr\/wp-json\/wp\/v2\/pages\/15999\/revisions"}],"wp:attachment":[{"href":"https:\/\/www.enriquerequena.com\/fr\/wp-json\/wp\/v2\/media?parent=15999"}],"curies":[{"name":"wp","href":"https:\/\/api.w.org\/{rel}","templated":true}]}}

Politique de confidentialité

<h3><strong>Politique de confidentialité</strong></h3>
<p>ENRIQUE REQUENA, S.L.U .. avec CIF B46414330 avec adresse à C / CARTAGENA, 3 &#8211; 46018 VALENCIA (ESPAGNE) est le propriétaire du site et responsable du traitement des données personnelles que les utilisateurs fournissent via ce site.<br />
ENRIQUE REQUENA, S.L.U .. informe les utilisateurs de ce site Web de sa politique concernant le traitement et la protection des données personnelles des utilisateurs et des clients qui peuvent être collectées en naviguant et en utilisant ce site.<br />
Le but de ce document est d&rsquo;informer les utilisateurs sur ce que nous faisons de leurs données personnelles, comment elles sont collectées, à quoi elles sont utilisées, leurs droits ainsi que toutes les informations nécessaires établies par la réglementation en vigueur.<br />
En utilisant ce site Web, nous comprenons que vous avez lu et compris les informations qui sont exposées dans le cadre du traitement de vos données personnelles.<br />
Notre objectif principal est de traiter les données personnelles de manière licite, équitable et transparente.<br />
Données collectées, finalité et légalité<br />
Les données personnelles traitées sont celles fournies par les utilisateurs via les formulaires disponibles sur ce site et sont le minimum requis pour pouvoir vous envoyer des informations sur nos produits / services, pour pouvoir passer des commandes, ainsi que pour pouvoir préparer le factures correspondantes, informer sur l&rsquo;état des commandes, assister aux réclamations et à toute autre gestion dérivée de la fourniture du service effectuée via ce site.</p>
<h3>La conservation des données</h3>
<p>Les données personnelles seront conservées aussi longtemps que nécessaire pour être en mesure de répondre aux finalités pour lesquelles elles étaient.<br />
Par conséquent, nous conserverons vos informations personnelles tant qu&rsquo;il existe une relation contractuelle et / ou commerciale avec vous ou tant que vous n&rsquo;exercez pas votre droit de supprimer, d&rsquo;annuler et / ou de limiter le traitement de vos données.<br />
Dans ces cas, nous garderons les informations dûment bloquées, sans leur donner aucune utilisation, aussi longtemps que cela peut être nécessaire pour l&rsquo;exercice ou la défense de réclamations ou un certain type de responsabilité judiciaire, légale ou contractuelle peut découler de son traitement, qui doit être pris en charge et pour lequel être<br />
récupération nécessaire.<br />
Protection des mineurs<br />
Ce site Web n&rsquo;est pas destiné aux utilisateurs mineurs. Si vous êtes mineur, n&rsquo;essayez pas de vous inscrire en tant qu&rsquo;utilisateur. Si nous découvrons que nous avons obtenu par erreur des informations personnelles d&rsquo;un mineur, nous supprimerons ces informations dès que possible.<br />
Destinataires de vos données personnelles<br />
Nous informons les utilisateurs que leurs données personnelles ne seront pas communiquées à des tiers, à l&rsquo;exception que ladite communication de données est couverte par une obligation légale ou lorsque pour la fourniture correcte du service ou l&rsquo;exécution du contrat, il est nécessaire de communiquer leurs données. aux autres. Responsable, comme d&rsquo;autres sociétés du groupe, responsable du traitement.<br />
Dans les cas où la communication de données à des tiers n&rsquo;est pas couverte par les bases juridiques établies dans la section précédente, la communication de données à d&rsquo;autres destinataires ne sera effectuée que si l&rsquo;utilisateur a donné son consentement exprès.<br />
ENRIQUE REQUENA, S.L.U .. maintient des critères stricts pour la sélection des gestionnaires de traitement et s&rsquo;engage contractuellement avec chacun à respecter et à faire respecter les obligations établies en matière de protection des données.</p>
<h3>Exercice des droits</h3>
<p>Conformément aux droits conférés par la réglementation en vigueur sur la protection des données personnelles, l&rsquo;utilisateur peut exercer les droits d&rsquo;accès, de rectification, de limitation de traitement, de suppression, de portabilité et d&rsquo;opposition au traitement de ses données en adressant sa demande à la poste indiquée. adresse ou email web@enriquerequena.com<br />
Pour exercer vos droits, vous devez vous identifier en présentant votre pièce d&rsquo;identité.<br />
Pour toute réclamation vous pouvez vous rendre au même email indiqué. Vous pouvez également contacter l&rsquo;Agence espagnole de protection des données: www.aepd.es</p>

<p>Politique de confidentialité ENRIQUE REQUENA, S.L.U .. avec CIF B46414330 avec adresse à C / CARTAGENA, 3 &#8211; 46018 VALENCIA</p>

<!-- This site is optimized with the Yoast SEO plugin v27.5 - https://yoast.com/product/yoast-seo-wordpress/ -->
<title>Politique de confidentialité - ENRIQUE REQUENA</title>
<meta name="robots" content="noindex, nofollow" />
<meta property="og:locale" content="fr_FR" />
<meta property="og:type" content="article" />
<meta property="og:title" content="Politique de confidentialité - ENRIQUE REQUENA" />
<meta property="og:description" content="Politique de confidentialité ENRIQUE REQUENA, S.L.U .. avec CIF B46414330 avec adresse à C / CARTAGENA, 3 &#8211; 46018 VALENCIA" />
<meta property="og:url" content="https://www.enriquerequena.com/fr/politique-de-confidentialite/" />
<meta property="og:site_name" content="ENRIQUE REQUENA" />
<meta property="article:modified_time" content="2021-04-20T15:03:59+00:00" />
<meta name="twitter:card" content="summary_large_image" />
<meta name="twitter:label1" content="Durée de lecture estimée" />
	<meta name="twitter:data1" content="3 minutes" />
<script type="application/ld+json" class="yoast-schema-graph">{"@context":"https:\/\/schema.org","@graph":[{"@type":"WebPage","@id":"https:\/\/www.enriquerequena.com\/fr\/politique-de-confidentialite\/","url":"https:\/\/www.enriquerequena.com\/fr\/politique-de-confidentialite\/","name":"Politique de confidentialité - ENRIQUE REQUENA","isPartOf":{"@id":"https:\/\/www.enriquerequena.com\/fr\/#website"},"datePublished":"2021-03-05T07:08:48+00:00","dateModified":"2021-04-20T15:03:59+00:00","breadcrumb":{"@id":"https:\/\/www.enriquerequena.com\/fr\/politique-de-confidentialite\/#breadcrumb"},"inLanguage":"fr-FR","potentialAction":[{"@type":"ReadAction","target":["https:\/\/www.enriquerequena.com\/fr\/politique-de-confidentialite\/"]}]},{"@type":"WebSite","@id":"https:\/\/www.enriquerequena.com\/fr\/#website","url":"https:\/\/www.enriquerequena.com\/fr\/","name":"ENRIQUE REQUENA","description":"Spécialistes des transmissions cardan avec des expéditions dans le monde entier et des pièces détachées pour voitures, camions et accessoires à Valence, en Espagne. Avec vous depuis 1950!","publisher":{"@id":"https:\/\/www.enriquerequena.com\/fr\/#organization"},"potentialAction":[{"@type":"SearchAction","target":{"@type":"EntryPoint","urlTemplate":"https:\/\/www.enriquerequena.com\/fr\/?s={search_term_string}"},"query-input":{"@type":"PropertyValueSpecification","valueRequired":true,"valueName":"search_term_string"}}],"inLanguage":"fr-FR"},{"@type":"Organization","@id":"https:\/\/www.enriquerequena.com\/fr\/#organization","name":"Enrique Requena S.L.","url":"https:\/\/www.enriquerequena.com\/fr\/","logo":{"@type":"ImageObject","inLanguage":"fr-FR","@id":"https:\/\/www.enriquerequena.com\/fr\/#\/schema\/logo\/image\/","url":"https:\/\/www.enriquerequena.com\/wp-content\/uploads\/2019\/11\/enrique-requena-recambios-logotipo.jpg","contentUrl":"https:\/\/www.enriquerequena.com\/wp-content\/uploads\/2019\/11\/enrique-requena-recambios-logotipo.jpg","width":381,"height":75,"caption":"Enrique Requena S.L."},"image":{"@id":"https:\/\/www.enriquerequena.com\/fr\/#\/schema\/logo\/image\/"}}]}</script>
<!-- / Yoast SEO plugin. -->

Politique de confidentialité - ENRIQUE REQUENA

Politique de confidentialité ENRIQUE REQUENA, S.L.U .. avec CIF B46414330 avec adresse à C / CARTAGENA, 3 &#8211; 46018 VALENCIA

Spécialistes des transmissions cardan avec des expéditions dans le monde entier et des pièces détachées pour voitures, camions et accessoires à Valence, en Espagne. Avec vous depuis 1950!
